{"id":4,"date":"2016-02-12T07:54:41","date_gmt":"2016-02-12T07:54:41","guid":{"rendered":"http:\/\/demos.famethemes.com\/onepress-plus\/?page_id=4"},"modified":"2024-02-07T21:36:51","modified_gmt":"2024-02-07T20:36:51","slug":"home","status":"publish","type":"page","link":"https:\/\/www.kosydeco.fr\/kd\/","title":{"rendered":"Peinture coloriste"},"content":{"rendered":"","protected":false},"excerpt":{"rendered":"","protected":false},"author":1,"featured_media":0,"parent":0,"menu_order":0,"comment_status":"closed","ping_status":"closed","template":"template-frontpage.php","meta":{"footnotes":""},"yoast_head":"<!-- This site is optimized with the Yoast SEO plugin v22.0 - https:\/\/yoast.com\/wordpress\/plugins\/seo\/ -->\n<title>Peinture coloriste - Kosydeco Peintre Coloriste<\/title>\n<meta name=\"description\" content=\"Entr\u00e9e dans l&#039;univers d&#039;\u00c9milie Lav\u00e9ant de chez Kosydeo et de son \u00e9quipe, pour d\u00e9couvrir leur r\u00e9alisation en peinture \u00e0 Treilli\u00e8res et en agglom\u00e9ration nantaise.\" \/>\n<meta name=\"robots\" content=\"index, follow, max-snippet:-1, max-image-preview:large, max-video-preview:-1\" \/>\n<link rel=\"canonical\" href=\"https:\/\/www.kosydeco.fr\/kd\/\" \/>\n<meta property=\"og:locale\" content=\"fr_FR\" \/>\n<meta property=\"og:type\" content=\"article\" \/>\n<meta property=\"og:title\" content=\"Peinture coloriste - Kosydeco Peintre Coloriste\" \/>\n<meta property=\"og:description\" content=\"Entr\u00e9e dans l&#039;univers d&#039;\u00c9milie Lav\u00e9ant de chez Kosydeo et de son \u00e9quipe, pour d\u00e9couvrir leur r\u00e9alisation en peinture \u00e0 Treilli\u00e8res et en agglom\u00e9ration nantaise.\" \/>\n<meta property=\"og:url\" content=\"https:\/\/www.kosydeco.fr\/kd\/\" \/>\n<meta property=\"og:site_name\" content=\"Kosydeco Peintre Coloriste\" \/>\n<meta property=\"article:modified_time\" content=\"2024-02-07T20:36:51+00:00\" \/>\n<meta name=\"twitter:card\" content=\"summary_large_image\" \/>\n<script type=\"application\/ld+json\" class=\"yoast-schema-graph\">{\"@context\":\"https:\/\/schema.org\",\"@graph\":[{\"@type\":\"WebPage\",\"@id\":\"https:\/\/www.kosydeco.fr\/kd\/\",\"url\":\"https:\/\/www.kosydeco.fr\/kd\/\",\"name\":\"Peinture coloriste - Kosydeco Peintre Coloriste\",\"isPartOf\":{\"@id\":\"https:\/\/www.kosydeco.fr\/kd\/#website\"},\"datePublished\":\"2016-02-12T07:54:41+00:00\",\"dateModified\":\"2024-02-07T20:36:51+00:00\",\"description\":\"Entr\u00e9e dans l'univers d'\u00c9milie Lav\u00e9ant de chez Kosydeo et de son \u00e9quipe, pour d\u00e9couvrir leur r\u00e9alisation en peinture \u00e0 Treilli\u00e8res et en agglom\u00e9ration nantaise.\",\"breadcrumb\":{\"@id\":\"https:\/\/www.kosydeco.fr\/kd\/#breadcrumb\"},\"inLanguage\":\"fr-FR\",\"potentialAction\":[{\"@type\":\"ReadAction\",\"target\":[\"https:\/\/www.kosydeco.fr\/kd\/\"]}]},{\"@type\":\"BreadcrumbList\",\"@id\":\"https:\/\/www.kosydeco.fr\/kd\/#breadcrumb\",\"itemListElement\":[{\"@type\":\"ListItem\",\"position\":1,\"name\":\"Accueil\",\"item\":\"https:\/\/www.kosydeco.fr\/kd\/\"},{\"@type\":\"ListItem\",\"position\":2,\"name\":\"Peinture coloriste\"}]},{\"@type\":\"WebSite\",\"@id\":\"https:\/\/www.kosydeco.fr\/kd\/#website\",\"url\":\"https:\/\/www.kosydeco.fr\/kd\/\",\"name\":\"Kosydeco Peintre Coloriste\",\"description\":\"Kosydeco sp\u00e9cialis\u00e9e dans la peinture, la d\u00e9coration d&#039;int\u00e9rieur, la confection de rideaux et la r\u00e9fection de fauteuils sur la r\u00e9gion nantaise.\",\"publisher\":{\"@id\":\"https:\/\/www.kosydeco.fr\/kd\/#organization\"},\"potentialAction\":[{\"@type\":\"SearchAction\",\"target\":{\"@type\":\"EntryPoint\",\"urlTemplate\":\"https:\/\/www.kosydeco.fr\/kd\/?s={search_term_string}\"},\"query-input\":\"required name=search_term_string\"}],\"inLanguage\":\"fr-FR\"},{\"@type\":\"Organization\",\"@id\":\"https:\/\/www.kosydeco.fr\/kd\/#organization\",\"name\":\"Kosydeco Peintre Coloriste\",\"url\":\"https:\/\/www.kosydeco.fr\/kd\/\",\"logo\":{\"@type\":\"ImageObject\",\"inLanguage\":\"fr-FR\",\"@id\":\"https:\/\/www.kosydeco.fr\/kd\/#\/schema\/logo\/image\/\",\"url\":\"https:\/\/www.kosydeco.fr\/kd\/wp-content\/uploads\/2024\/02\/Plan-de-travail-1.png\",\"contentUrl\":\"https:\/\/www.kosydeco.fr\/kd\/wp-content\/uploads\/2024\/02\/Plan-de-travail-1.png\",\"width\":166,\"height\":136,\"caption\":\"Kosydeco Peintre Coloriste\"},\"image\":{\"@id\":\"https:\/\/www.kosydeco.fr\/kd\/#\/schema\/logo\/image\/\"}}]}<\/script>\n<!-- \/ Yoast SEO plugin. -->","yoast_head_json":{"title":"Peinture coloriste - Kosydeco Peintre Coloriste","description":"Entr\u00e9e dans l'univers d'\u00c9milie Lav\u00e9ant de chez Kosydeo et de son \u00e9quipe, pour d\u00e9couvrir leur r\u00e9alisation en peinture \u00e0 Treilli\u00e8res et en agglom\u00e9ration nantaise.","robots":{"index":"index","follow":"follow","max-snippet":"max-snippet:-1","max-image-preview":"max-image-preview:large","max-video-preview":"max-video-preview:-1"},"canonical":"https:\/\/www.kosydeco.fr\/kd\/","og_locale":"fr_FR","og_type":"article","og_title":"Peinture coloriste - Kosydeco Peintre Coloriste","og_description":"Entr\u00e9e dans l'univers d'\u00c9milie Lav\u00e9ant de chez Kosydeo et de son \u00e9quipe, pour d\u00e9couvrir leur r\u00e9alisation en peinture \u00e0 Treilli\u00e8res et en agglom\u00e9ration nantaise.","og_url":"https:\/\/www.kosydeco.fr\/kd\/","og_site_name":"Kosydeco Peintre Coloriste","article_modified_time":"2024-02-07T20:36:51+00:00","twitter_card":"summary_large_image","schema":{"@context":"https:\/\/schema.org","@graph":[{"@type":"WebPage","@id":"https:\/\/www.kosydeco.fr\/kd\/","url":"https:\/\/www.kosydeco.fr\/kd\/","name":"Peinture coloriste - Kosydeco Peintre Coloriste","isPartOf":{"@id":"https:\/\/www.kosydeco.fr\/kd\/#website"},"datePublished":"2016-02-12T07:54:41+00:00","dateModified":"2024-02-07T20:36:51+00:00","description":"Entr\u00e9e dans l'univers d'\u00c9milie Lav\u00e9ant de chez Kosydeo et de son \u00e9quipe, pour d\u00e9couvrir leur r\u00e9alisation en peinture \u00e0 Treilli\u00e8res et en agglom\u00e9ration nantaise.","breadcrumb":{"@id":"https:\/\/www.kosydeco.fr\/kd\/#breadcrumb"},"inLanguage":"fr-FR","potentialAction":[{"@type":"ReadAction","target":["https:\/\/www.kosydeco.fr\/kd\/"]}]},{"@type":"BreadcrumbList","@id":"https:\/\/www.kosydeco.fr\/kd\/#breadcrumb","itemListElement":[{"@type":"ListItem","position":1,"name":"Accueil","item":"https:\/\/www.kosydeco.fr\/kd\/"},{"@type":"ListItem","position":2,"name":"Peinture coloriste"}]},{"@type":"WebSite","@id":"https:\/\/www.kosydeco.fr\/kd\/#website","url":"https:\/\/www.kosydeco.fr\/kd\/","name":"Kosydeco Peintre Coloriste","description":"Kosydeco sp\u00e9cialis\u00e9e dans la peinture, la d\u00e9coration d&#039;int\u00e9rieur, la confection de rideaux et la r\u00e9fection de fauteuils sur la r\u00e9gion nantaise.","publisher":{"@id":"https:\/\/www.kosydeco.fr\/kd\/#organization"},"potentialAction":[{"@type":"SearchAction","target":{"@type":"EntryPoint","urlTemplate":"https:\/\/www.kosydeco.fr\/kd\/?s={search_term_string}"},"query-input":"required name=search_term_string"}],"inLanguage":"fr-FR"},{"@type":"Organization","@id":"https:\/\/www.kosydeco.fr\/kd\/#organization","name":"Kosydeco Peintre Coloriste","url":"https:\/\/www.kosydeco.fr\/kd\/","logo":{"@type":"ImageObject","inLanguage":"fr-FR","@id":"https:\/\/www.kosydeco.fr\/kd\/#\/schema\/logo\/image\/","url":"https:\/\/www.kosydeco.fr\/kd\/wp-content\/uploads\/2024\/02\/Plan-de-travail-1.png","contentUrl":"https:\/\/www.kosydeco.fr\/kd\/wp-content\/uploads\/2024\/02\/Plan-de-travail-1.png","width":166,"height":136,"caption":"Kosydeco Peintre Coloriste"},"image":{"@id":"https:\/\/www.kosydeco.fr\/kd\/#\/schema\/logo\/image\/"}}]}},"_links":{"self":[{"href":"https:\/\/www.kosydeco.fr\/kd\/wp-json\/wp\/v2\/pages\/4"}],"collection":[{"href":"https:\/\/www.kosydeco.fr\/kd\/wp-json\/wp\/v2\/pages"}],"about":[{"href":"https:\/\/www.kosydeco.fr\/kd\/wp-json\/wp\/v2\/types\/page"}],"author":[{"embeddable":true,"href":"https:\/\/www.kosydeco.fr\/kd\/wp-json\/wp\/v2\/users\/1"}],"replies":[{"embeddable":true,"href":"https:\/\/www.kosydeco.fr\/kd\/wp-json\/wp\/v2\/comments?post=4"}],"version-history":[{"count":2,"href":"https:\/\/www.kosydeco.fr\/kd\/wp-json\/wp\/v2\/pages\/4\/revisions"}],"predecessor-version":[{"id":2447,"href":"https:\/\/www.kosydeco.fr\/kd\/wp-json\/wp\/v2\/pages\/4\/revisions\/2447"}],"wp:attachment":[{"href":"https:\/\/www.kosydeco.fr\/kd\/wp-json\/wp\/v2\/media?parent=4"}],"curies":[{"name":"wp","href":"https:\/\/api.w.org\/{rel}","templated":true}]}}

<!-- This site is optimized with the Yoast SEO plugin v22.0 - https://yoast.com/wordpress/plugins/seo/ -->
<title>Peinture coloriste - Kosydeco Peintre Coloriste</title>
<meta name="description" content="Entrée dans l&#039;univers d&#039;Émilie Lavéant de chez Kosydeo et de son équipe, pour découvrir leur réalisation en peinture à Treillières et en agglomération nantaise." />
<meta name="robots" content="index, follow, max-snippet:-1, max-image-preview:large, max-video-preview:-1" />
<link rel="canonical" href="https://www.kosydeco.fr/kd/" />
<meta property="og:locale" content="fr_FR" />
<meta property="og:type" content="article" />
<meta property="og:title" content="Peinture coloriste - Kosydeco Peintre Coloriste" />
<meta property="og:description" content="Entrée dans l&#039;univers d&#039;Émilie Lavéant de chez Kosydeo et de son équipe, pour découvrir leur réalisation en peinture à Treillières et en agglomération nantaise." />
<meta property="og:url" content="https://www.kosydeco.fr/kd/" />
<meta property="og:site_name" content="Kosydeco Peintre Coloriste" />
<meta property="article:modified_time" content="2024-02-07T20:36:51+00:00" />
<meta name="twitter:card" content="summary_large_image" />
<script type="application/ld+json" class="yoast-schema-graph">{"@context":"https://schema.org","@graph":[{"@type":"WebPage","@id":"https://www.kosydeco.fr/kd/","url":"https://www.kosydeco.fr/kd/","name":"Peinture coloriste - Kosydeco Peintre Coloriste","isPartOf":{"@id":"https://www.kosydeco.fr/kd/#website"},"datePublished":"2016-02-12T07:54:41+00:00","dateModified":"2024-02-07T20:36:51+00:00","description":"Entrée dans l'univers d'Émilie Lavéant de chez Kosydeo et de son équipe, pour découvrir leur réalisation en peinture à Treillières et en agglomération nantaise.","breadcrumb":{"@id":"https://www.kosydeco.fr/kd/#breadcrumb"},"inLanguage":"fr-FR","potentialAction":[{"@type":"ReadAction","target":["https://www.kosydeco.fr/kd/"]}]},{"@type":"BreadcrumbList","@id":"https://www.kosydeco.fr/kd/#breadcrumb","itemListElement":[{"@type":"ListItem","position":1,"name":"Accueil","item":"https://www.kosydeco.fr/kd/"},{"@type":"ListItem","position":2,"name":"Peinture coloriste"}]},{"@type":"WebSite","@id":"https://www.kosydeco.fr/kd/#website","url":"https://www.kosydeco.fr/kd/","name":"Kosydeco Peintre Coloriste","description":"Kosydeco spécialisée dans la peinture, la décoration d&#039;intérieur, la confection de rideaux et la réfection de fauteuils sur la région nantaise.","publisher":{"@id":"https://www.kosydeco.fr/kd/#organization"},"potentialAction":[{"@type":"SearchAction","target":{"@type":"EntryPoint","urlTemplate":"https://www.kosydeco.fr/kd/?s={search_term_string}"},"query-input":"required name=search_term_string"}],"inLanguage":"fr-FR"},{"@type":"Organization","@id":"https://www.kosydeco.fr/kd/#organization","name":"Kosydeco Peintre Coloriste","url":"https://www.kosydeco.fr/kd/","logo":{"@type":"ImageObject","inLanguage":"fr-FR","@id":"https://www.kosydeco.fr/kd/#/schema/logo/image/","url":"https://www.kosydeco.fr/kd/wp-content/uploads/2024/02/Plan-de-travail-1.png","contentUrl":"https://www.kosydeco.fr/kd/wp-content/uploads/2024/02/Plan-de-travail-1.png","width":166,"height":136,"caption":"Kosydeco Peintre Coloriste"},"image":{"@id":"https://www.kosydeco.fr/kd/#/schema/logo/image/"}}]}</script>
<!-- / Yoast SEO plugin. -->

Entrée dans l'univers d'Émilie Lavéant de chez Kosydeo et de son équipe, pour découvrir leur réalisation en peinture à Treillières et en agglomération nantaise.

Kosydeco spécialisée dans la peinture, la décoration d&#039;intérieur, la confection de rideaux et la réfection de fauteuils sur la région nantaise.
